(-84)/(-70). What is the hundreds digit of -1*(c - -7)*-1306?
3
Let m(b) = 30*b + 32. Let o(l) = l**3 - 6*l**2 + 8*l - 10. Let x be o(5). What is the tens digit of m(x)?
8
Suppose 10*z - 12*z + 8 = 0, 3*z = -5*p + 39332. What is the hundreds digit of p?
8
Suppose -t + 13*v - 15*v + 20656 = 0, -2*t = v - 41324. What is the ten thousands digit of t?
2
Let r(h) = 4*h + 20. Let p be r(-7). Let n be (-30)/(-7) - p/(-28). Suppose 22 = n*v - 446. What is the hundreds digit of v?
1
Suppose 108 = 2*c - 134. Let n = 118 - c. What is the units digit of (-3)/(2*n)*(-5 + 147)?
1
Let n = 1260 - 251. Suppose 0 = n*d - 1016*d + 11599. What is the hundreds digit of d?
6
Suppose 68300 + 10277 = 300*i - 202223. What is the hundreds digit of i?
9
Let y = -202 + 355. Suppose 14*f = 2295 - y. Suppose -3*d - 173 = -4*i + 2*d, 4*i = d + f. What is the tens digit of i?
3
Let m(l) = 12*l**2 + 23*l - 131. What is the thousands digit of m(-25)?
6
Let b(f) = -2*f**3 - 5*f - f**3 - 10*f**2 + 12 + 5 - 3. Let j be b(-6). Let q = 484 - j. What is the units digit of q?
2
Let j = 10603 - 7307. What is the tens digit of j?
9
Let n(o) = -3 + 28 + 2550*o + 8*o**2 - 2560*o. What is the units digit of n(6)?
3
Let m(l) = 3*l + 9*l - 6*l - 7*l + 13. Let y be m(15). Let b(t) = 15*t**2 + 4*t + 4. What is the units digit of b(y)?
6
Let h(o) = 32 + 0*o + 602*o**2 - 6*o - 34. What is the tens digit of h(-1)?
0
Suppose 6*w - 31*w = -8*w - 906542. What is the ten thousands digit of w?
5
Suppose -7*z - 47*z + 182412 = 0. What is the thousands digit of z?
3
Let n(h) = 20*h - 116. Let j be n(-37). Let w = -695 - j. What is the hundreds digit of w?
1
Let z(a) = 33*a + 64*a + 129 + 10*a - 22. What is the units digit of z(10)?
7
Let p(b) = 2*b + 18. Let y be p(-8). Suppose -y*f = 3*f - 310. Suppose 2*o + 6 = 0, -f = m + o - 182. What is the hundreds digit of m?
1
Suppose 0 = 7*m - m + 150. Let v = m - -30. Suppose 0 = -c - c + v*h + 61, 2*c - 91 = -5*h. What is the tens digit of c?
3
Let x be (-44)/33*(7/(-2) + -1). Let g(j) = j**3 - 11*j**2 + 4*j - 5. Let y be g(11). Suppose x*d = y + 111. What is the tens digit of d?
2
Let c(i) = 8*i + 7. Suppose -132 = -16*u + 13*u. Suppose 12*o - u = 64. What is the units digit of c(o)?
9
Let m(a) be the second derivative of -a**3 - 33*a**2/2 - 16*a. Let r be m(-6). Suppose 3*y - 260 = -r*l + 2*l, 3*y + 2*l = 259. What is the tens digit of y?
8
Suppose g + 93 = -5*t, -4*g - 75 - 27 = 5*t. Let u = -88 - t. What is the units digit of ((-21)/7)/(3/u)?
0
Let m(x) = 63*x**2 + 429*x + 24. What is the thousands digit of m(-10)?
2
Suppose -2*z + 2*q = -3*z - 3, 2*z - 1 = 3*q. Let r be (z - (-2 - (-75)/9))*-6. What is the units digit of 1 - (r/33 - (-26)/(-6))?
4
What is the hundreds digit of (-29805)/(-2) + (1/(-7))/((-62)/217)?
9
Let u = 15393 - 10414. What is the tens digit of u?
7
Let r = 97 - 92. What is the units digit of 69/((60/8)/r)?
6
Suppose 0 = 3271*d - 3282*d + 217162. What is the hundreds digit of d?
7
Suppose 0 = 2*l + 412 - 420. Suppose l*h = 2*m + 2044, 2*m = 4*m - 4. What is the tens digit of h?
1
Suppose 2*g = -0*a + 2*a + 32, 5*g - 75 = 4*a. Suppose 0 = 7*b - g*b + 20. Suppose 4*l + 122 = 2*y, b*l = y - 14 - 62. What is the tens digit of y?
5
Suppose -5*r = -4*z - 7, 5*z - 3*z = 4*r - 8. Suppose -z*m = -2*w - 1028 + 284, -m - 5*w = -342. What is the hundreds digit of m?
3
Let c(t) = 3*t - 10. Suppose -12 = -2*o - 3*p, -4*o + 4 + 6 = -p. Let b be c(o). What is the units digit of ((-40)/(-50))/((-26)/(-25) + b)?
0
Let y(t) = 17*t - 2. Let p be (-1)/5 + (-12)/(-10). Let v be y(p). Let g = -7 + v. What is the units digit of g?
8
Suppose -40*s + 9*s = -180575. What is the thousands digit of s?
5
Suppose 3*y = 2*g + 137 + 11, -3*y = 2*g - 128. Let n = 41 - 16. Suppose -r = -y - n. What is the units digit of r?
1
Suppose -2*r = 3*d - 39 - 3, 3*r = 0. Suppose h - d = -8. Suppose -2*c - 3*z + 1 = 2*z, c = 3*z + h. What is the units digit of c?
3
What is the units digit of (352/112)/22 - 36098/(-7)?
7
Let n(x) = x**3 - 3*x**2 - 10*x - 13. Let m be n(-3). What is the hundreds digit of 379*2 + (m - -32)?
7
Let m(z) = -52*z**3 + z. Let l be 65*(-1 - 6/(-10)). Let r = l - -25. What is the tens digit of m(r)?
5
Suppose 0 = -w + 5*t + 7023, -35*w = -32*w + t - 21005. What is the tens digit of w?
0
Let g = -22 - -22. Suppose -4*c + 7*c - 9 = -5*l, g = -5*c + 15. Suppose -7*v + 127 + 48 = l. What is the tens digit of v?
2
What is the hundreds digit of (5 + 1)/(525/1640275)?
7
Let k(x) = -121*x + 15. Let j be k(-1). Let f = -125 + j. What is the tens digit of f?
1
Suppose 322*l = 287*l + 577075 + 485210. What is the thousands digit of l?
0
Suppose -80*l + 94187 + 1142751 = -37*l. What is the ten thousands digit of l?
2
Suppose 6*v + 2816 = 17*v. Let l = -82 + v. What is the hundreds digit of l?
1
Suppose -18*n + 27*n - 5868 = 0. Let c = -330 + n. What is the units digit of c?
2
What is the thousands digit of (9 - -6 - -2912)/(3/12)?
1
Let r be (-10)/25 - 7552/20. Let a = -119 - r. Suppose -299 = -5*m - 2*p, -a = -m - 3*m + 5*p. What is the units digit of m?
1
Suppose -5*j - 16 = -11, -j = p + 646. Let k = p - -978. What is the tens digit of k?
3
Let k(h) = 2*h**2 - 92*h - 24. Let o be k(48). What is the units digit of 8/14*o/6?
6
Let t = 33803 + -20146. What is the thousands digit of t?
3
Let z(s) = 48*s + 69. Let y(c) = -23*c - 34. Let p(a) = 13*y(a) + 6*z(a). What is the units digit of p(-19)?
1
Let b(v) = v - 21. Let g be b(16). Let p(r) = -2*r - 8. Let z be p(g). Suppose 3*w - 4*d = -2*w + 775, 0 = -3*w - z*d + 465. What is the hundreds digit of w?
1
Suppose 21848141 + 2052687 = 394*z. What is the ten thousands digit of z?
6
Let q = -7720 - -14907. What is the thousands digit of q?
7
Suppose -22*h + 17*h - d = -52358, 3*d = h - 10478. What is the tens digit of h?
7
Let a(i) be the third derivative of 319*i**4/24 + 13*i**3 + 122*i**2 + 1. What is the tens digit of a(4)?
5
Let b(m) = -277*m**3 + 6*m**2 + 4*m + 9. What is the hundreds digit of b(-2)?
2
Let s be (1/(-2))/(1/2). Let f be ((-35)/28)/(2/(-8)). What is the tens digit of (-2 - 14)*1/(s/f)?
8
Let u = 66 - 64. Suppose g + 4*g = 0, 2*v + u*g - 50 = 0. What is the units digit of (v - 8) + (-5)/(-1)?
2
Suppose -406 = -4*u + 310. Suppose u + 5661 = 40*w. What is the hundreds digit of w?
1
Let a be (-2)/(-4) + 1/(-2). Let d = -7229 + 7234. Suppose a = -d*m - 5*c + 705, -2 = 2*c - 4. What is the hundreds digit of m?
1
Suppose 56 = 4*j - b, 0 = 2*j - 4*b - 3 - 25. Suppose -j*x = -7*x - 5768. What is the hundreds digit of x?
8
Let s = -15 - -6. Let l = 165 + s. What is the tens digit of (l/(-10))/((-39)/260)?
0
Suppose -4*j + 3*j = -4*q - 6934, -2*j + 13946 = 5*q. What is the tens digit of j?
5
Suppose -4*k - 314 + 34 = 0. Let l = 70 + k. What is the tens digit of l - (3 - (159 + 3) - 1)?
6
Suppose 301*i - 306*i = -5*w - 180030, -2*i = 5*w - 72033. What is the ten thousands digit of i?
3
Suppose -3*w - 30 = -3*d, 2*d + 3*w = -3 + 8. Suppose 0 = 4*n - 5*q - 61, -72 = -5*n + d*q - 5*q. What is the units digit of n?
4
What is the units digit of ((-185)/5*(-10)/(-30))/((-3)/1305)?
5
Let k = -731 + 1460. Suppose 5*p - 5*f - 3876 = k, -915 = -p - 5*f. What is the units digit of p?
0
Let f(s) = s**3 + 2*s**2 - 2*s - 2. Suppose -4*v + 230 = -t, 83 = v + 5*t + 15. Let z = v + -54. What is the units digit of f(z)?
6
Let h = 20890 + -10054. What is the units digit of h?
6
Let u(j) = j**2 - 13*j - 26. Let a be u(15). Suppose c = -c - a*y + 22, 19 = 5*c + y. Suppose 6*t + c*t = 1152. What is the tens digit of t?
2
Suppose 2674 = 3*c - 5*v, -3*c + 73*v = 77*v - 2629. Suppose 14635 = 36*o + c. What is the hundreds digit of o?
3
Suppose -6*t + 376 = -170. Suppose -1730 = 86*b - t*b. What is the units digit of b?
6
Suppose -3*g + 9 = i + 6, -2*i - 5*g = -9. Let b(q) = 3*q**2 - 8*q + 10. What is the tens digit of b(i)?
4
Suppose b = -4*b, -20 = -4*y - 2*b. Suppose -2*l + 4*i = -670, y*i - 700 = -2*l + 3*i. What is the units digit of l?
5
Suppose -2*k + 226 = -0*v + 2*v, -5*k + 580 = 2*v. Let c = -3 - k. Let q = 375 + c. What is the units digit of q?
4
Let w(u) = -90*u + 2. Suppose 27 = 11*o - 14*o. Let j be o/15 + (-12)/30. What is the units digit of w(j)?
2
Let y(m) = 6*m - 18. Let v be y(3). Suppose 0 = -3*b + 5*j + 828 - 191,